). Let m = 25 + j. What is the units digit of m?
5
Let n be 7/(2/(2 + 14)). Suppose n = 2*t - 52. What is the units digit of t?
4
Let r = -567 + 1013. What is the units digit of r?
6
Let x = 23 + -80. Let b = 111 + x. What is the tens digit of b?
5
Let o = -8 - -7. What is the tens digit of (1 - -38) + o + 2?
4
Suppose -4*a - 3 = -5*a - 2*r, 2*a - 11 = r. Suppose j + z - 88 = 168, 2*z + 1280 = a*j. What is the tens digit of j?
5
Suppose 10*y + 27603 = 19*y. What is the thousands digit of y?
3
Suppose 6059 = 11*t + 2022. What is the units digit of t?
7
Suppose -2*k - k - 15 = 0, 5*u - 3*k = 90. Let s = -15 + u. Suppose 4*p - 8*p - 4 = s, 3*w = -p + 32. What is the units digit of w?
1
Let g = 631 - -408. What is the tens digit of g?
3
Suppose -14*v = -16*v + 3532. What is the hundreds digit of v?
7
Suppose 3 - 18 = -5*o. Let q be (3 - 20)/(-4 + o). What is the units digit of (-2 + -1 - -2) + q?
6
Suppose 4*r - 9*r + 451 = -3*o, -4*o = 2*r - 196. Suppose 0 = 6*x - r + 8. Suppose 5*c = 3*c + x. What is the units digit of c?
7
Let q(d) = d**3 - 12*d**2 + 11*d + 9. Let u be q(11). Let f be (-1)/(-3) + (-363)/u. What is the tens digit of 0/4 - f/1?
4
Let k(z) = -2*z**3 - 24*z**2 - 48*z - 14. What is the tens digit of k(-13)?
4
Let b = 5 + -20. What is the tens digit of (41 + 4)*(-6)/b?
1
Let a = 930 - 548. What is the tens digit of a?
8
Let m = -3 - -8. Suppose -m*n = 3*z - 72, 5*n - 2*n = -4*z + 41. What is the tens digit of n?
1
Suppose -a + 4*j + 18 = -0*a, 0 = -3*a + j + 10. Suppose -y = a*y - 5*b - 124, 2 = 2*b. What is the units digit of y?
3
Let t(f) = 6*f**3 + 5*f**2 - 18*f + 6. What is the units digit of t(3)?
9
What is the tens digit of -23*3/(18/(-474))?
1
Suppose 3*y - 80 = 11*y. Let k(a) = -a**2 + 16. Let r be k(0). Let w = y + r. What is the units digit of w?
6
What is the units digit of (82476/290)/(3/10)?
8
Let t(n) = n**3 + 42*n**2 - 55*n + 311. What is the units digit of t(-43)?
7
Suppose 15*t + 12150 = 25*t. What is the thousands digit of t?
1
Suppose -168 = -6*g + 19890. What is the tens digit of g?
4
Let o = 554 + 194. What is the hundreds digit of o?
7
Suppose -3*j + z + 850 = 0, -2*j + 0*j = 2*z - 556. Suppose 296 = 5*p + 3*c, 5*p - 2*c - 2*c - j = 0. Suppose -54 = -2*t + p. What is the tens digit of t?
5
Suppose 3*n - 1718 = 4*z, -n + z + 582 = 2*z. What is the units digit of n?
8
Let v = -8 + 15. Suppose -5*a + v + 13 = 0. Suppose 0 = 3*h - 5*l - 11, a*l + 18 - 2 = 3*h. What is the tens digit of h?
1
Let b(s) = s**2 + s + 19. Let d be b(0). Let q = 24 - d. Suppose 0 = q*a - 9*a + 252. What is the tens digit of a?
6
Let m = 66 + -63. What is the tens digit of -129*4/8*(-2)/m?
4
Let r(i) = i**3 + 5*i**2 - 10*i - 7. Let c = -48 + 42. What is the units digit of r(c)?
7
Suppose 5*k = -5*j + 5300, 0*k + 3*j = 2*k - 2135. What is the units digit of k?
3
Let x be (-2)/10 - (-352)/110. Suppose 0 = 2*f - x*h - 310, 4*f + f - h - 801 = 0. What is the tens digit of f?
6
Let w(l) = -2*l - 19. Let t be w(-13). What is the units digit of t + (0/2 - 1)?
6
Suppose 0 = -3*b + 3*z - 234, 2*b = b - 4*z - 103. Let n = b - -192. What is the units digit of n?
9
Let b = -234 - -577. What is the hundreds digit of b?
3
What is the hundreds digit of 16/(-56) + -3*8553/(-63)?
4
Let i(c) be the first derivative of 9*c**2/2 + 18*c + 22. What is the units digit of i(9)?
9
Suppose -4*q + 4 = -t - 4, 2*t = q - 2. What is the units digit of t + -1 + 90 + (-5 - -5)?
9
Suppose 18*i - 16*i - 326 = 0. What is the hundreds digit of i?
1
Let d(t) = -t**2. Let q(u) = -11*u + 10. Let z(y) = -d(y) - q(y). What is the tens digit of z(7)?
1
Let g(p) = p**3 + 2*p + 8. Let r(w) = -w**3 - w**2 - 3*w - 9. Let o(c) = 5*g(c) + 4*r(c). Let j be 7 + -3 + 0 + 1. What is the units digit of o(j)?
9
Let r = 3 - -51. What is the units digit of 3*(-6)/r + 70/3?
3
Suppose 4*u - 165 - 115 = 0. Let h = u - -240. What is the units digit of 14/(-63) + h/18?
7
Let d(v) = -16*v + 90. What is the units digit of d(-34)?
4
Suppose -2*u - q = -184, q = 2*u + 5*q - 178. Suppose -5*w + 177 = -u. What is the units digit of w?
4
What is the hundreds digit of (-3)/21 - (36296/14)/(-4)?
6
Let x = -15 + 16. Let v be (6/(-18))/(x/(-12)). Suppose v*y + 66 - 194 = 0. What is the tens digit of y?
3
Let q = 41 - 48. What is the tens digit of 1 - (-8)/q - (-5424)/42?
2
Let b(i) be the first derivative of -i**4/4 + 11*i**3/3 + 6*i**2 - 2*i - 3. Let k be b(12). What is the units digit of 8 - (1 + k)*0?
8
Suppose 0 = 3*z + 4*s - 140, 0 = -z - 3*z - 5*s + 185. Let w be 362/8 + 30/z. Suppose u + w = b, -6*b + 3*b = -5*u - 130. What is the units digit of b?
0
Let i(u) = u**3 - 8*u**2 - 4*u - 9. Let m be i(10). Suppose 4*j = 6*t - t - 175, 0 = -4*t + j + m. Let g = t + -4. What is the tens digit of g?
3
Suppose 90 = s - b, 6*b + 270 = 3*s + 2*b. What is the units digit of s?
0
What is the tens digit of (-6)/45 - (-4 + 42010/(-75))?
6
Let y(v) = 4*v + 1. Let x be y(-2). Let z be (-4)/(-18) + 7/9. Let h = z - x. What is the units digit of h?
8
Let o be (-96 - 0)/((-12)/16). Suppose d = 4*q - o, -3*q + 50 = -q + 3*d. What is the units digit of q?
1
Let o(a) = -a**2 - 10*a - 9. Let n = -7 + 7. Suppose 7*v = -n*v - 42. What is the units digit of o(v)?
5
Let s = -451 + 313. Let c = s + 255. What is the units digit of c?
7
What is the tens digit of (-4)/6*(-91344)/16?
0
Let m = -16 - -15. Let u(a) = -5*a - 1. Let d be u(m). What is the tens digit of (0 - 1) + (d - -9)?
1
Suppose -910 = -4*o + 2882. What is the units digit of o?
8
Let y(j) = -j**2 + 6*j - 3. Let o be y(5). Suppose -6 + 1 = -2*x - v, -5 = -x + o*v. Suppose 0 = x*f + 3*p - 39, -1 = 2*p + 3. What is the units digit of f?
5
Let u be (-3)/(-5) - (-84)/(-15). Let c(d) be the third derivative of -d**4/6 - 6*d**2. What is the tens digit of c(u)?
2
Suppose 7*f + 7*f = -98. What is the hundreds digit of (-1 + 0)*7/(f/197)?
1
Suppose -4*f + 3*b - 5*b = -108, 5*b - 20 = 0. Let u(n) = 14*n - 60. What is the tens digit of u(f)?
9
Suppose -3*r + 2*d = -17709, -r - r + 11801 = -3*d. What is the units digit of r/65 + 6/39?
1
Let b = -28 - -31. Suppose 5*z = -u - 2*u + 54, b*z = -5*u + 26. What is the units digit of z?
2
Suppose -2*x - 50 = -5*o, -5*x = 2*o - 22 + 2. Suppose 0 = -2*c - j - o, -18 = 4*c + j - 0*j. What is the units digit of (-518)/(-98) - c/(-14)?
5
Suppose -3*n + 2*n = 0. Let i = n - -1. What is the tens digit of (i - (-3 + 0)) + 37?
4
Suppose 4*n - 7432 = -2056. What is the tens digit of n?
4
Let k = -316 + 697. What is the tens digit of k?
8
Let b(x) = -x**2 + 5*x - 2. Let t be b(5). Let z be (2 + -4)/(3/(126/(-4))). Let a = t + z. What is the tens digit of a?
1
Suppose -3*n = -0*n - 2*n. Suppose n = -t + l + 31 + 83, -228 = -2*t + l. What is the units digit of t?
4
Suppose -5*s - 5*a + 2104 = -2386, a + 4502 = 5*s. What is the tens digit of s?
0
Suppose 4*r - 9794 = -3*q, 4*r = 4*q - 4946 - 8122. What is the hundreds digit of q?
2
Suppose 484*p + 8988 = 2*y + 485*p, -4*y = -4*p - 17952. What is the units digit of y?
2
Let v be 2/(-8) + (-2 - (-219)/12). What is the tens digit of 3 - (1017/(-5) - v/(-40))?
0
Let p be (-500)/(-6) - 2/6. Suppose -10*l + 9*l - 166 = 3*w, 4*l = 20. Let d = w + p. What is the tens digit of d?
2
Suppose 4*j - 6*b = -2*b - 24, -4*b = 4*j + 64. What is the tens digit of -1 + (-55)/(-2) - j/(-22)?
2
Suppose -4962 - 7652 = -14*g. What is the tens digit of g?
0
Let w(t) = t**2 + 8*t + 5. Suppose -4*h = -7*h - 4*d - 40, -d + 11 = -h. What is the tens digit of w(h)?
5
Suppose 7*r = -5*r + 2904. Suppose -4*y + r = -694. What is the hundreds digit of y?
2
Suppose 7*q - 11 = 4*q - 4*b, -4*b + 5 = -3*q. Let m(s) = 3*s**3 + s**2 - s. Let y be m(q). Suppose -y*n + 40 = -n. What is the units digit of n?
0
Let w(y) = 15 + y + 0*y + y + y**2 - 2*y**2. Let v be w(5). Suppose -3*i + 7*i - 72 = v. What is the units digit of i?
8
Suppose 44*d - 33*d = 264. What is the units digit of d?
4
Suppose -p - 3*j = -867, 0 = 3*j - 4*j + 3. What is the tens digit of p?
5
Let p be -3*16/(-12) + 2. Suppose -p*t = -3*t. Suppose -q = 3*a - 5*q - 29, 5*a - 5*q - 40 = t. What is the units digit of a?
3
Let w = -177 - 60. Let j(b) = -3*b**2 + 13*b - 18. Let k be j(3). What is the units digit of w/k + 1/2?
0
Let q(n) = -n**3 + n**2 - 59*n - 29. What is the un